ded by 24.
22
Calculate the remainder when 2297020 is divided by 42.
40
What is the remainder when 1292092 is divided by 207?
205
Calculate the remainder when 31243 is divided by 15618.
7
What is the remainder when 14715 is divided by 7299?
117
What is the remainder when 18236 is divided by 3643?
21
What is the remainder when 46029 is divided by 3?
0
Calculate the remainder when 1631 is divided by 720.
191
Calculate the remainder when 167771 is divided by 12.
11
Calculate the remainder when 642076 is divided by 80.
76
What is the remainder when 5142 is divided by 2400?
342
Calculate the remainder when 151759 is divided by 219.
211
Calculate the remainder when 1401449 is divided by 25.
24
Calculate the remainder when 2246 is divided by 1017.
212
Calculate the remainder when 14528 is divided by 153.
146
What is the remainder when 15626 is divided by 1116?
2
What is the remainder when 44667 is divided by 6?
3
What is the remainder when 275022 is divided by 38?
16
Calculate the remainder when 64517 is divided by 78.
11
What is the remainder when 6645 is divided by 20?
5
What is the remainder when 147516 is divided by 257?
255
What is the remainder when 3353 is divided by 210?
203
Calculate the remainder when 22489 is divided by 3744.
25
What is the remainder when 10811 is divided by 35?
31
What is the remainder when 12646 is divided by 122?
80
Calculate the remainder when 6528 is divided by 260.
28
Calculate the remainder when 2779 is divided by 561.
535
What is the remainder when 22140 is divided by 320?
60
What is the remainder when 2660 is divided by 764?
368
What is the remainder when 61935 is divided by 93?
90
What is the remainder when 66062 is divided by 447?
353
What is the remainder when 1335 is divided by 1319?
16
Calculate the remainder when 263968 is divided by 2336.
0
What is the remainder when 9744 is divided by 1617?
42
What is the remainder when 71695 is divided by 50?
45
What is the remainder when 429126 is divided by 71517?
24
Calculate the remainder when 6844 is divided by 381.
367
What is the remainder when 2538376 is divided by 729?
727
What is the remainder when 3797 is divided by 301?
185
Calculate the remainder when 441862 is divided by 147283.
13
Calculate the remainder when 158468 is divided by 173.
0
What is the remainder when 3918 is divided by 484?
46
What is the remainder when 18329 is divided by 6108?
5
Calculate the remainder when 14924 is divided by 23.
20
Calculate the remainder when 4854 is divided by 4782.
72
What is the remainder when 34774 is divided by 207?
205
What is the remainder when 1585 is divided by 415?
340
What is the remainder when 3177 is divided by 246?
225
Calculate the remainder when 63326 is divided by 4.
2
Calculate the remainder when 8574 is divided by 505.
494
Calculate the remainder when 3769 is divided by 3198.
571
What is the remainder when 4315 is divided by 3734?
581
What is the remainder when 10938 is divided by 1093?
8
What is the remainder when 607 is divided by 68?
63
What is the remainder when 11123 is divided by 337?
2
What is the remainder when 10324 is divided by 175?
174
What is the remainder when 6073 is divided by 203?
186
Calculate the remainder when 3569 is divided by 6.
5
What is the remainder when 60 is divided by 1?
0
What is the remainder when 178812 is divided by 59593?
33
What is the remainder when 37791 is divided by 65?
26
What is the remainder when 2078274 is divided by 1124?
1122
What is the remainder when 214219 is divided by 15?
4
Calculate the remainder when 3398 is divided by 4.
2
Calculate the remainder when 20165 is divided by 224.
5
What is the remainder when 139406 is divided by 383?
377
What is the remainder when 17833 is divided by 123?
121
What is the remainder when 1063510 is divided by 354497?
19
What is the remainder when 820544 is divided by 13?
10
Calculate the remainder when 25933 is divided by 351.
310
Calculate the remainder when 814497 is divided by 112.
33
Calculate the remainder when 28695 is divided by 3584.
23
Calculate the remainder when 932 is divided by 424.
84
What is the remainder when 12673 is divided by 20?
13
What is the remainder when 5752 is divided by 42?
40
Calculate the remainder when 10669 is divided by 3533.
70
Calculate the remainder when 839 is divided by 95.
79
Calculate the remainder when 16588 is divided by 4085.
248
What is the remainder when 55212 is divided by 406?
402
What is the remainder when 4293 is divided by 16?
5
What is the remainder when 55727 is divided by 1162?
1113
Calculate the remainder when 7361 is divided by 736.
1
Calculate the remainder when 397741 is divided by 13.
6
Calculate the remainder when 43536 is divided by 10.
6
What is the remainder when 234166 is divided by 81?
76
What is the remainder when 3124 is divided by 59?
56
What is the remainder when 21440 is divided by 670?
0
What is the remainder when 588 is divided by 128?
76
Calculate the remainder when 4007832 is divided by 221.
218
Calculate the remainder when 13898 is divided by 49.
31
What is the remainder when 196238 is divided by 442?
432
What is the remainder when 21638 is divided by 5391?
74
Calculate the remainder when 12555 is divided by 23.
20
Calculate the remainder when 32683 is divided by 230.
23
What is the remainder when 19975 is divided by 274?
247
What is the remainder when 854 is divided by 167?
19
Calculate the remainder when 36884 is divided by 414.
38
What is the remainder when 398349 is divided by 258?
255
Calculate the remainder when 273172 is divided by 717.
712
Calculate the remainder when 5962 is divided by 493.
46
What is the remainder when 7340 is divided by 7320?
20
Calculate the remainder when 289 is divided by 252.
37
What is the remainder when 3198251 is divided by 54?
47
Calculate the remainder when 1265 is divided by 47.
43
What is the remainder when 80499 is divided by 100?
99
What is the remainder when 25386 is divided by 39?
36
Calculate the remainder when 1164 is divided by 655.
509
What is the remainder when 99790 is divided by 88?
86
What is the remainder when 3246 is divided by 9?
6
What is the remainder when 15283 is divided by 5085?
28
What is the remainder when 14785 is divided by 84?
1
Calculate the remainder when 7133 is divided by 28.
21
What is the remainder when 1065 is divided by 848?
217
Calculate the remainder when 13044 is divided by 57.
48
Calculate the remainder when 283994 is divided by 94629.
107
Calculate the remainder when 982 is divided by 176.
102
Calculate the remainder when 12261 is divided by 6112.
37
Calculate the remainder when 63928 is divided by 63914.
14
Calculate the remainder when 5404847 is divided by 682.
679
Calculate the remainder when 48190 is divided by 392.
366
What is the remainder when 1263114 is divided by 180443?
13
What is the remainder when 6700 is divided by 401?
284
What is the remainder when 756229 is divided by 29?
25
Calculate the remainder when 7145 is divided by 152.
1
What is the remainder when 6585 is divided by 3136?
313
Calculate the remainder when 374170 is divided by 31180.
10
What is the remainder when 358998 is divided by 1000?
998
What is the remainder when 206884 is divided by 2111?
6
What is the remainder when 4136 is divided by 1135?
731
What is the remainder when 1515 is divided by 215?
10
What is the remainder when 178807 is divided by 23?
5
What is the remainder when 788074 is divided by 4?
2
Calculate the remainder when 93450 is divided by 727.
394
What is the remainder when 7735674 is divided by 13?
11
What is the remainder when 11146 is divided by 22?
14
Calculate the remainder when 6674 is divided by 1261.
369
What is the remainder when 17596 is divided by 11?
7
Calculate the remainder when 22223 is divided by 25.
23
Calculate the remainder when 7917 is divided by 111.
36
What is the remainder when 5994 is divided by 31?
11
What is the remainder when 231869 is divided by 502?
447
Calculate the remainder when 271825 is divided by 85.
80
What is the remainder when 66 is divided by 39?
27
What is the remainder when 1796 is divided by 154?
102
Calculate the remainder when 243832 is divided by 163.
147
What is the remainder when 373 is divided by 18?
13
What is the remainder when 672788 is divided by 800?
788
Calculate the remainder 